f 2534?
True
Is 1884 a factor of 994032244?
False
Is 1817639970 a multiple of 103?
True
Is 276874910 a multiple of 65?
True
Does 45 divide 107037000?
True
Does 22 divide 310614180?
False
Does 3 divide 12265953?
True
Does 16 divide 103084928?
True
Is 22395392 a multiple of 8?
True
Is 47 a factor of 1474725251?
True
Does 5 divide 46535250?
True
Is 3628 a factor of 1183094428?
True
Is 80 a factor of 61550796?
False
Is 369324113 a multiple of 3942?
False
Does 9 divide 96983127?
True
Is 17709440 a multiple of 16?
True
Is 9 a factor of 25572200?
False
Does 66 divide 47890768?
False
Is 15 a factor of 17200768?
False
Is 41 a factor of 38063621?
True
Is 1286958790 a multiple of 15?
False
Is 473 a factor of 338694961?
True
Is 49 a factor of 49936?
False
Is 7042 a factor of 1328976937?
False
Is 40402143 a multiple of 11?
False
Is 261359712 a multiple of 2664?
True
Does 5937 divide 221897879?
False
Is 26342415 a multiple of 1971?
True
Does 127 divide 161638488?
True
Is 52054953 a multiple of 3977?
True
Is 71 a factor of 852939340?
False
Does 587 divide 137570494?
True
Is 1285210268 a multiple of 68?
True
Is 454270776 a multiple of 1312?
False
Is 24373779 a multiple of 3?
True
Does 12 divide 308042139?
False
Is 1974 a factor of 186329046?
False
Does 712 divide 1817890504?
True
Does 357 divide 7735833?
True
Is 54 a factor of 8074636?
False
Is 205030959 a multiple of 1303?
True
Is 927611388 a multiple of 38?
True
Is 258345584 a multiple of 532?
True
Is 20196286 a multiple of 22?
True
Is 143 a factor of 11565411?
True
Does 13 divide 110808256?
True
Is 1483 a factor of 458724705?
False
Is 968480504 a multiple of 529?
True
Is 56299526 a multiple of 21?
False
Is 913 a factor of 1540029227?
True
Is 297465 a multiple of 7?
True
Is 23 a factor of 3417515835?
True
Is 1663 a factor of 159694925?
False
Is 186 a factor of 11840388?
True
Is 103 a factor of 590640199?
False
Does 528 divide 737057362?
False
Does 30 divide 8156760?
True
Is 178 a factor of 384205384?
False
Is 17 a factor of 900140962?
False
Does 3 divide 176716659?
True
Does 82 divide 410994630?
False
Is 26042418 a multiple of 49?
False
Is 9889703 a multiple of 8?
False
Does 23 divide 1846670?
True
Is 402766787 a multiple of 24?
False
Is 98780640 a multiple of 60?
True
Is 5975152476 a multiple of 334?
False
Is 663780794 a multiple of 1926?
False
Is 373 a factor of 13708538?
False
Is 66296890 a multiple of 38?
True
Is 46 a factor of 544193483?
False
Is 6321330 a multiple of 2?
True
Is 118262718 a multiple of 909?
True
Is 66 a factor of 94480584?
True
Is 1447 a factor of 555736576?
False
Is 105 a factor of 8925420?
True
Does 534 divide 15453426?
True
Is 2497 a factor of 35567268?
True
Does 24 divide 290118144?
True
Is 220 a factor of 85735211?
False
Does 167 divide 21890026?
True
Is 145406280 a multiple of 20?
True
Does 649 divide 399960150?
False
Does 3 divide 262709388?
True
Is 1420138915 a multiple of 223?
False
Is 64202064 a multiple of 7?
False
Is 184016939 a multiple of 373?
True
Is 7 a factor of 12925757?
False
Does 143 divide 416240504?
False
Is 19 a factor of 4425653722?
False
Does 36 divide 35121168?
True
Does 5 divide 29171010?
True
Is 16 a factor of 107587824?
True
Is 81589678 a multiple of 9?
False
Is 4057423188 a multiple of 6?
True
Is 1405 a factor of 34192080?
True
Is 18 a factor of 21616200?
True
Is 199871678 a multiple of 3674?
False
Is 623874887 a multiple of 6040?
False
Is 68 a factor of 118151768?
True
Is 395127694 a multiple of 2?
True
Is 123 a factor of 147838374?
True
Is 37 a factor of 110679876?
True
Is 1277 a factor of 267733266?
True
Is 213956582 a multiple of 101?
True
Does 163 divide 938895135?
False
Does 31 divide 459849443?
True
Is 45903984 a multiple of 60?
False
Is 23 a factor of 36807889?
True
Does 126 divide 2296026?
False
Does 26 divide 129498470?
False
Is 5386818118 a multiple of 1039?
False
Does 158 divide 494166410?
False
Does 2987 divide 991499471?
False
Does 64 divide 2344986714?
False
Is 1329508069 a multiple of 944?
False
Is 92514547 a multiple of 127?
True
Does 632 divide 6699192?
False
Is 929619948 a multiple of 140?
False
Is 45061500 a multiple of 375?
True
Is 493 a factor of 315861572?
False
Is 138 a factor of 447168990?
True
Is 9 a factor of 603058367?
False
Is 165581029 a multiple of 28?
False
Is 700 a factor of 221736855?
False
Is 605 a factor of 4673020?
True
Is 47 a factor of 43035409?
True
Does 3343 divide 962757256?
True
Does 137 divide 27832920?
True
Does 396 divide 31787712?
True
Is 29229465 a multiple of 645?
True
Is 6 a factor of 6171564?
True
Is 40003998 a multiple of 331?
True
Is 1309631152 a multiple of 88?
False
Is 146370476 a multiple of 68?
True
Is 13 a factor of 41727281?
False
Does 455 divide 16448705?
True
Is 11837035 a multiple of 4445?
True
Is 60165477 a multiple of 3794?
False
Does 6 divide 24130480?
False
Is 2494 a factor of 354632085?
False
Is 4362 a factor of 217035672?
True
Does 3325 divide 19640775?
True
Is 9382230 a multiple of 143?
True
Is 1009 a factor of 3772911?
False
Does 1270 divide 2887763412?
False
Is 128 a factor of 38706578?
False
Does 1573 divide 70143216?
True
Is 283 a factor of 8352079?
False
Is 772643055 a multiple of 15?
True
Is 16 a factor of 23621006?
False
Is 243 a factor of 41195061?
True
Is 128992904 a multiple of 236?
False
Is 69387543 a multiple of 1489?
False
Does 82 divide 33178430?
True
Is 22 a factor of 109766682?
False
Is 537792365 a multiple of 605?
True
Is 2760 a factor of 6756480?
True
Does 670 divide 3631002690?
True
Does 9 divide 3309031565?
False
Does 4121 divide 222979068?
True
Is 363668124 a multiple of 136?
False
Is 58 a factor of 1917106886?
True
Is 14 a factor of 65519608?
True
Is 849271232 a multiple of 63?
False
Is 496 a factor of 1144574064?
True
Is 34288520 a multiple of 881?
True
Is 256128912 a multiple of 2301?
True
Is 745 a factor of 12542944?
False
Is 295 a factor of 44986666?
False
Is 28220021 a multiple of 684?
False
Does 14 divide 1290761486?
True
Is 1181435706 a multiple of 187?
True
Is 164826462 a multiple of 2238?
True
Does 1608 divide 79780920?
True
Is 17223504 a multiple of 368?
True
Does 6 divide 1233204748?
False
Does 387 divide 431208558?
True
Is 17 a factor of 128524837?
False
Is 37350359 a multiple of 9?
False
Is 8111054 a multiple of 100?
False
Is 81139734 a multiple of 11?
False
Does 31 divide 843723878?
False
Is 1293612010 a multiple of 163?
True
Does 72 divide 324988776?
True
Does 15 divide 268821225?
True
Does 35 divide 33135935?
True
Is 900191204 a multiple of 178?
False
Is 2561220794 a multiple of 2614?
False
Does 43 divide 73212187?
True
Is 128 a factor of 258072576?
True
Is 1451784 a multiple of 241?
True
Is 101805200 a multiple of 50?
True
Is 205598670 a multiple of 4?
False
Is 386 a factor of 42871231?
False
Is 20 a factor of 52799420?
True
Is 15753497 a multiple of 661?
False
Is 12 a factor of 91223569?
False
Does 31 divide 85514151?
True
Is 716 a factor of 200467112?
True
Is 160603606 a multiple of 352?
False
Is 51884352 a multiple of 2028?
True
Is 13887756 a multiple of 131?
False
Is 54340194 a multiple of 12?
False
Is 473 a factor of 29096122?
True
Does 301 divide 448210926?
False
Is 13 a factor of 184282003?
False
Is 75 a factor of 172865515?
False
Is 99 a factor of 17700309?
True
Is 799238340 a multiple of 180?
True
Is 11061534 a multiple of 6?
True
Is 15462452 a multiple of 32?
False
Is 170531055 a multiple of 45?
True
Does 3131 divide 238400602?
True
Does 67 divide 2599498659?
False
Does 32 divide 546896960?
True
Does 14 divide 272463800?
True
Does 745 divide 589076035?
False
Is 29 a factor of 890475450?
True
Does 382 divide 16891658?
True
Is 30 a factor of 47415210?
True
Is 13506042 a multiple of 20?
False
Is 37264660 a multiple of 789?
False
Is 1463286188 a multiple of 13?
True
Is 1537550 a multiple of 46?
True
Is 22 a factor of 20046764?
False
Does 4938 divide 289781885?
False
Is 58 a factor of 1989728?
False
Is 4264 a factor of 691011048?
True
Is 22218660 a multiple of 106?
True
Is 5 a factor of 457483610?
True
Is 24 a factor of 863887927?
False
Is 438183297 a multiple of 382?
False
Is 29 a factor of 166970740?
False
Does 233 divide 7503024?
False
Is 10 a factor of 130663260?
True
Does 57 divide 262206412?
False
Does 1158 divide 42185940?
True
Does 